ided by 30?
25
What is the remainder when 374 is divided by 122?
8
What is the remainder when 96 is divided by 55?
41
Calculate the remainder when 408 is divided by 84.
72
What is the remainder when 1549 is divided by 385?
9
Calculate the remainder when 71 is divided by 44.
27
What is the remainder when 92 is divided by 49?
43
What is the remainder when 180 is divided by 94?
86
What is the remainder when 4725 is divided by 473?
468
Calculate the remainder when 203 is divided by 35.
28
What is the remainder when 415 is divided by 29?
9
Calculate the remainder when 146 is divided by 17.
10
Calculate the remainder when 14552 is divided by 12.
8
Calculate the remainder when 264 is divided by 82.
18
Calculate the remainder when 275 is divided by 69.
68
What is the remainder when 34 is divided by 5?
4
What is the remainder when 405 is divided by 51?
48
Calculate the remainder when 438 is divided by 227.
211
Calculate the remainder when 115 is divided by 39.
37
What is the remainder when 228 is divided by 29?
25
What is the remainder when 159 is divided by 41?
36
Calculate the remainder when 198 is divided by 28.
2
Calculate the remainder when 1033 is divided by 221.
149
What is the remainder when 72 is divided by 38?
34
Calculate the remainder when 1130 is divided by 17.
8
Calculate the remainder when 161 is divided by 49.
14
What is the remainder when 205 is divided by 33?
7
Calculate the remainder when 218 is divided by 115.
103
Calculate the remainder when 138 is divided by 83.
55
Calculate the remainder when 4219 is divided by 325.
319
What is the remainder when 3022 is divided by 252?
250
What is the remainder when 261 is divided by 18?
9
What is the remainder when 147 is divided by 54?
39
Calculate the remainder when 42 is divided by 5.
2
Calculate the remainder when 1547 is divided by 18.
17
What is the remainder when 2133 is divided by 193?
10
What is the remainder when 1008 is divided by 13?
7
What is the remainder when 720 is divided by 339?
42
What is the remainder when 198 is divided by 68?
62
Calculate the remainder when 69 is divided by 10.
9
Calculate the remainder when 32 is divided by 11.
10
Calculate the remainder when 20 is divided by 12.
8
Calculate the remainder when 19797 is divided by 24.
21
What is the remainder when 35 is divided by 22?
13
Calculate the remainder when 167 is divided by 77.
13
What is the remainder when 12365 is divided by 19?
15
What is the remainder when 300 is divided by 16?
12
Calculate the remainder when 648 is divided by 93.
90
What is the remainder when 699 is divided by 54?
51
What is the remainder when 76 is divided by 15?
1
Calculate the remainder when 291 is divided by 41.
4
Calculate the remainder when 255 is divided by 43.
40
Calculate the remainder when 103 is divided by 33.
4
Calculate the remainder when 5885 is divided by 1176.
5
What is the remainder when 607 is divided by 126?
103
What is the remainder when 501 is divided by 56?
53
What is the remainder when 133 is divided by 9?
7
Calculate the remainder when 2506 is divided by 66.
64
What is the remainder when 1244 is divided by 14?
12
What is the remainder when 186 is divided by 11?
10
What is the remainder when 9344 is divided by 105?
104
What is the remainder when 102 is divided by 28?
18
Calculate the remainder when 62 is divided by 2.
0
What is the remainder when 295 is divided by 94?
13
Calculate the remainder when 672 is divided by 169.
165
Calculate the remainder when 805 is divided by 101.
98
What is the remainder when 39 is divided by 9?
3
What is the remainder when 53316 is divided by 40?
36
What is the remainder when 10475 is divided by 6?
5
What is the remainder when 269 is divided by 116?
37
What is the remainder when 83 is divided by 29?
25
Calculate the remainder when 538 is divided by 180.
178
Calculate the remainder when 348 is divided by 22.
18
What is the remainder when 357 is divided by 45?
42
What is the remainder when 1043 is divided by 12?
11
Calculate the remainder when 3374 is divided by 78.
20
What is the remainder when 159 is divided by 3?
0
Calculate the remainder when 103 is divided by 3.
1
Calculate the remainder when 118 is divided by 53.
12
Calculate the remainder when 272 is divided by 53.
7
What is the remainder when 2721 is divided by 88?
81
Calculate the remainder when 239 is divided by 27.
23
What is the remainder when 202 is divided by 23?
18
What is the remainder when 2880 is divided by 38?
30
Calculate the remainder when 1781 is divided by 66.
65
Calculate the remainder when 4594 is divided by 242.
238
Calculate the remainder when 1079 is divided by 60.
59
Calculate the remainder when 1888 is divided by 70.
68
Calculate the remainder when 621 is divided by 329.
292
What is the remainder when 6530 is divided by 27?
23
Calculate the remainder when 628 is divided by 35.
33
What is the remainder when 131 is divided by 54?
23
Calculate the remainder when 897 is divided by 342.
213
Calculate the remainder when 53 is divided by 31.
22
What is the remainder when 700 is divided by 13?
11
What is the remainder when 389 is divided by 36?
29
What is the remainder when 102 is divided by 91?
11
What is the remainder when 21293 is divided by 42?
41
Calculate the remainder when 861 is divided by 23.
10
Calculate the remainder when 253 is divided by 20.
13
Calculate the remainder when 814 is divided by 68.
66
What is the remainder when 283 is divided by 19?
17
Calculate the remainder when 92 is divided by 50.
42
Calculate the remainder when 2500 is divided by 827.
19
What is the remainder when 411 is divided by 108?
87
What is the remainder when 239 is divided by 6?
5
What is the remainder when 473 is divided by 160?
153
Calculate the remainder when 428 is divided by 143.
142
Calculate the remainder when 66 is divided by 66.
0
What is the remainder when 299 is divided by 279?
20
Calculate the remainder when 245 is divided by 59.
9
What is the remainder when 3501 is divided by 8?
5
Calculate the remainder when 30 is divided by 1.
0
What is the remainder when 2301 is divided by 81?
33
What is the remainder when 1676 is divided by 417?
8
What is the remainder when 224 is divided by 25?
24
What is the remainder when 691 is divided by 21?
19
What is the remainder when 175 is divided by 155?
20
What is the remainder when 755 is divided by 58?
1
Calculate the remainder when 781 is divided by 14.
11
What is the remainder when 9051 is divided by 62?
61
Calculate the remainder when 5127 is divided by 1024.
7
Calculate the remainder when 4318 is divided by 10.
8
What is the remainder when 533 is divided by 45?
38
What is the remainder when 201 is divided by 26?
19
What is the remainder when 1803 is divided by 23?
9
What is the remainder when 237 is divided by 48?
45
Calculate the remainder when 64 is divided by 16.
0
Calculate the remainder when 142 is divided by 48.
46
Calculate the remainder when 17 is divided by 5.
2
What is the remainder when 760 is divided by 98?
74
Calculate the remainder when 157 is divided by 40.
37
What is the remainder when 161 is divided by 24?
17
Calculate the remainder when 214 is divided by 36.
34
What is the remainder when 95 is divided by 31?
2
What is the remainder when 191 is divided by 24?
23
Calculate the remainder when 221 is divided by 5.
1
Calculate the remainder when 233 is divided by 36.
17
Calculate the remainder when 210 is divided by 61.
27
What is the remainder when 901 is divided by 22?
21
What is the remainder when 2388 is divided by 57?
51
Calculate the remainder when 46 is divided by 27.
19
What is the remainder when 37 is divided by 4?
1
What is the remainder when 289 is divided by 31?
10
What is the remainder when 214 is divided by 102?
10
What is the remainder when 7238 is divided by 34?
30
What is the remainder when 3335 is divided by 63?
59
Calculate the remainder when 247 is divided by 111.
25
What is the remainder when 31969 is divided by 23?
22
Calculate the remainder when 6522 is divided by 75.
72
What is the remainder when 195 is divided by 94?
7
Calculate the remainder when 6540 is divided by 26.
14
Calculate the remainder when 223 is divided by 41.
18
What is the remainder when 4227 is divided by 90?
87
What is the remainder when 9143 is divided by 8?
7
Calculat